{"id":9,"date":"2017-05-06T15:58:27","date_gmt":"2017-05-06T15:58:27","guid":{"rendered":"http:\/\/site.frankrobert.hu\/?page_id=9"},"modified":"2025-03-18T08:57:25","modified_gmt":"2025-03-18T08:57:25","slug":"kezdolap","status":"publish","type":"page","link":"https:\/\/www.frankrobert.hu\/","title":{"rendered":"\u00dcdv\u00f6zl\u00f6m!"},"content":{"rendered":"<p style=\"text-align: justify;\">A pszichol\u00f3giai tan\u00e1csad\u00e1s egy olyan besz\u00e9lget\u00e9s-sorozat, amely seg\u00edt \u00d6nnek jobban meg\u00e9rteni \u00e9let\u00e9nek fontosabb szakaszait, c\u00e9ljait, probl\u00e9m\u00e1it \u00e9s elakad\u00e1sait. A tan\u00e1csad\u00e1s sor\u00e1n kapott v\u00e1laszok alapot adhatnak a sz\u00fcks\u00e9ges v\u00e1ltoz\u00e1sok v\u00e9grehajt\u00e1s\u00e1hoz, t\u00e1mogatva ezzel a szem\u00e9lyes fejl\u0151d\u00e9st \u00e9s a megold\u00e1sok megtal\u00e1l\u00e1s\u00e1t.<\/p>\n","protected":false},"excerpt":{"rendered":"<p>A pszichol\u00f3giai tan\u00e1csad\u00e1s egy olyan besz\u00e9lget\u00e9s-sorozat, amely seg\u00edt \u00d6nnek jobban meg\u00e9rteni \u00e9let\u00e9nek fontosabb szakaszait, c\u00e9ljait, probl\u00e9m\u00e1it \u00e9s elakad\u00e1sait. A tan\u00e1csad\u00e1s sor\u00e1n kapott v\u00e1laszok alapot adhatnak a sz\u00fcks\u00e9ges v\u00e1ltoz\u00e1sok v\u00e9grehajt\u00e1s\u00e1hoz, t\u00e1mogatva ezzel a szem\u00e9lyes fejl\u0151d\u00e9st \u00e9s a megold\u00e1sok megtal\u00e1l\u00e1s\u00e1t.<\/p>\n","protected":false},"author":1,"featured_media":0,"parent":0,"menu_order":0,"comment_status":"closed","ping_status":"closed","template":"","meta":[],"_links":{"self":[{"href":"https:\/\/www.frankrobert.hu\/index.php?rest_route=\/wp\/v2\/pages\/9"}],"collection":[{"href":"https:\/\/www.frankrobert.hu\/index.php?rest_route=\/wp\/v2\/pages"}],"about":[{"href":"https:\/\/www.frankrobert.hu\/index.php?rest_route=\/wp\/v2\/types\/page"}],"author":[{"embeddable":true,"href":"https:\/\/www.frankrobert.hu\/index.php?rest_route=\/wp\/v2\/users\/1"}],"replies":[{"embeddable":true,"href":"https:\/\/www.frankrobert.hu\/index.php?rest_route=%2Fwp%2Fv2%2Fcomments&post=9"}],"version-history":[{"count":50,"href":"https:\/\/www.frankrobert.hu\/index.php?rest_route=\/wp\/v2\/pages\/9\/revisions"}],"predecessor-version":[{"id":884,"href":"https:\/\/www.frankrobert.hu\/index.php?rest_route=\/wp\/v2\/pages\/9\/revisions\/884"}],"wp:attachment":[{"href":"https:\/\/www.frankrobert.hu\/index.php?rest_route=%2Fwp%2Fv2%2Fmedia&parent=9"}],"curies":[{"name":"wp","href":"https:\/\/api.w.org\/{rel}","templated":true}]}}