{"id":256,"date":"2017-05-10T09:15:33","date_gmt":"2017-05-10T09:15:33","guid":{"rendered":"http:\/\/www.frankrobert.hu\/?page_id=256"},"modified":"2021-03-20T09:04:41","modified_gmt":"2021-03-20T09:04:41","slug":"hirek-esemenyek-media","status":"publish","type":"page","link":"https:\/\/www.frankrobert.hu\/?page_id=256","title":{"rendered":"H\u00edrek, esem\u00e9nyek, m\u00e9dia"},"content":{"rendered":"<div class=\"pt-cv-wrapper\"><div class=\"pt-cv-view pt-cv-grid pt-cv-colsys pt-cv-nolf\" id=\"pt-cv-view-50135e3zjm\"><div data-id=\"pt-cv-page-1\" class=\"pt-cv-page\" data-cvc=\"1\"><div class=\"col-md-12 col-sm-12 col-xs-12 pt-cv-content-item pt-cv-2-col\" ><div class='pt-cv-ifield'><a href=\"https:\/\/www.frankrobert.hu\/?p=677\" class=\"_self pt-cv-href-thumbnail pt-cv-thumb-left\" target=\"_self\" ><img width=\"300\" height=\"200\" src=\"https:\/\/www.frankrobert.hu\/wp-content\/uploads\/2022\/04\/9BE10E7E-1255-442B-8E86-3BE12DEADCB0-300x200.jpeg\" class=\"pt-cv-thumbnail pull-left\" alt=\"\" loading=\"lazy\" srcset=\"https:\/\/www.frankrobert.hu\/wp-content\/uploads\/2022\/04\/9BE10E7E-1255-442B-8E86-3BE12DEADCB0-300x200.jpeg 300w, https:\/\/www.frankrobert.hu\/wp-content\/uploads\/2022\/04\/9BE10E7E-1255-442B-8E86-3BE12DEADCB0-1024x683.jpeg 1024w, https:\/\/www.frankrobert.hu\/wp-content\/uploads\/2022\/04\/9BE10E7E-1255-442B-8E86-3BE12DEADCB0-768x512.jpeg 768w, https:\/\/www.frankrobert.hu\/wp-content\/uploads\/2022\/04\/9BE10E7E-1255-442B-8E86-3BE12DEADCB0.jpeg 1200w\" sizes=\"100vw\" \/><\/a>\n<h4 class=\"pt-cv-title\"><a href=\"https:\/\/www.frankrobert.hu\/?p=677\" class=\"_self\" target=\"_self\" >Hamis biztons\u00e1g\u00e9rzet &#8211; Mindennapi pszichol\u00f3gia<\/a><\/h4>\n<div class=\"pt-cv-content\">Ha valakit megk\u00e9rdez\u00fcnk arr\u00f3l, biztons\u00e1gban \u00e9rzi-e mag\u00e1t, nem felt\u00e9tlen kapunk kiel\u00e9g\u00edt\u0151 v\u00e1laszt. A mindennapok bizonytalans\u00e1gai ugyanis hat\u00e1ssal vannak az \u00e9let\u00fcnkre, s ez az \u00e9rz\u00e9s olyan helyekre is besziv\u00e1rog, ahonnan neh\u00e9z marad\u00e9ktalanul ki\u0171zni. Gyakran ker\u00fclhet\u00fcnk kiszolg\u00e1ltatott helyzetbe, s ez r\u00e9szben a t\u00e1rsadalmi berendezked\u00e9snek k\u00f6sz\u00f6nhet\u0151. Hogyan hozunk l\u00e9tre olyan bels\u0151 biztons\u00e1g\u00e9rzetet, ak\u00e1r ...<br \/><div class=\"pt-cv-rmwrap\"><a href=\"https:\/\/www.frankrobert.hu\/?p=677\" class=\"_self pt-cv-readmore btn btn-success\" target=\"_self\">b\u0151vebben<\/a><\/div><\/div><\/div><\/div>\n<div class=\"col-md-12 col-sm-12 col-xs-12 pt-cv-content-item pt-cv-2-col\" ><div class='pt-cv-ifield'><a href=\"https:\/\/www.frankrobert.hu\/?p=660\" class=\"_self pt-cv-href-thumbnail pt-cv-thumb-left\" target=\"_self\" ><img width=\"300\" height=\"300\" src=\"https:\/\/www.frankrobert.hu\/wp-content\/uploads\/2022\/03\/artworks-000663187540-cb3zty-t500x500-300x300.jpg\" class=\"pt-cv-thumbnail pull-left\" alt=\"\" loading=\"lazy\" srcset=\"https:\/\/www.frankrobert.hu\/wp-content\/uploads\/2022\/03\/artworks-000663187540-cb3zty-t500x500-300x300.jpg 300w, https:\/\/www.frankrobert.hu\/wp-content\/uploads\/2022\/03\/artworks-000663187540-cb3zty-t500x500-150x150.jpg 150w, https:\/\/www.frankrobert.hu\/wp-content\/uploads\/2022\/03\/artworks-000663187540-cb3zty-t500x500-60x60.jpg 60w, https:\/\/www.frankrobert.hu\/wp-content\/uploads\/2022\/03\/artworks-000663187540-cb3zty-t500x500-100x100.jpg 100w, https:\/\/www.frankrobert.hu\/wp-content\/uploads\/2022\/03\/artworks-000663187540-cb3zty-t500x500.jpg 500w\" sizes=\"100vw\" \/><\/a>\n<h4 class=\"pt-cv-title\"><a href=\"https:\/\/www.frankrobert.hu\/?p=660\" class=\"_self\" target=\"_self\" >V\u00e9lem\u00e9nyvez\u00e9rek &#8211; A p\u00e9nz hat\u00e1roz meg minket?!<\/a><\/h4>\n<div class=\"pt-cv-content\">Val\u00f3ban a p\u00e9nz hat\u00e1roz meg minket? Mik azok a l\u00e9pcs\u0151fokok amiken \u00e1t kell menni ahhoz, hogy eljussunk oda, hogy ne az els\u0151 priorit\u00e1s legyen a p\u00e9nz? Mi\u00e9rt fontos manaps\u00e1g ennyire a k\u00fcls\u0151s\u00e9g, az \u00f6nc\u00e9l\u00fa mutogat\u00e1s? Feh\u00e9r Bal\u00e1zs zen\u00e9sz \u00e9s Frank R\u00f3bert pszichol\u00f3gus osztott\u00e1k meg v\u00e9lem\u00e9ny\u00fcket a t\u00e9m\u00e1ban! https:\/\/youtu.be\/1h9AOAB7VZc ...<br \/><div class=\"pt-cv-rmwrap\"><a href=\"https:\/\/www.frankrobert.hu\/?p=660\" class=\"_self pt-cv-readmore btn btn-success\" target=\"_self\">b\u0151vebben<\/a><\/div><\/div><\/div><\/div>\n<div class=\"col-md-12 col-sm-12 col-xs-12 pt-cv-content-item pt-cv-2-col\" ><div class='pt-cv-ifield'><a href=\"https:\/\/www.frankrobert.hu\/?p=566\" class=\"_self pt-cv-href-thumbnail pt-cv-thumb-left\" target=\"_self\" ><img width=\"300\" height=\"166\" src=\"https:\/\/www.frankrobert.hu\/wp-content\/uploads\/2021\/11\/frank_1-300x166.jpg\" class=\"pt-cv-thumbnail pull-left\" alt=\"\" loading=\"lazy\" srcset=\"https:\/\/www.frankrobert.hu\/wp-content\/uploads\/2021\/11\/frank_1-300x166.jpg 300w, https:\/\/www.frankrobert.hu\/wp-content\/uploads\/2021\/11\/frank_1-60x33.jpg 60w, https:\/\/www.frankrobert.hu\/wp-content\/uploads\/2021\/11\/frank_1.jpg 750w\" sizes=\"100vw\" \/><\/a>\n<h4 class=\"pt-cv-title\"><a href=\"https:\/\/www.frankrobert.hu\/?p=566\" class=\"_self\" target=\"_self\" >\u201eEgyed\u00fcl maradtam &#8211; \u00e9s most boldogabb vagyok\u201d<\/a><\/h4>\n<div class=\"pt-cv-content\">Az egyens\u00falyi pillanatok val\u00f3ban felemel\u0151ek \u00e9s izgalmasak \u2013 de m\u00e9gis csup\u00e1n pillanatok. https:\/\/mipszi.hu\/cikk\/211012-egyedul-maradtam-most-boldogabb-vagyok ...<br \/><div class=\"pt-cv-rmwrap\"><a href=\"https:\/\/www.frankrobert.hu\/?p=566\" class=\"_self pt-cv-readmore btn btn-success\" target=\"_self\">b\u0151vebben<\/a><\/div><\/div><\/div><\/div>\n<div class=\"col-md-12 col-sm-12 col-xs-12 pt-cv-content-item pt-cv-2-col\" ><div class='pt-cv-ifield'><a href=\"https:\/\/www.frankrobert.hu\/?p=560\" class=\"_self pt-cv-href-thumbnail pt-cv-thumb-left\" target=\"_self\" ><img width=\"300\" height=\"166\" src=\"https:\/\/www.frankrobert.hu\/wp-content\/uploads\/2021\/11\/16-illuziok-2-300x166.jpg\" class=\"pt-cv-thumbnail pull-left\" alt=\"\" loading=\"lazy\" srcset=\"https:\/\/www.frankrobert.hu\/wp-content\/uploads\/2021\/11\/16-illuziok-2-300x166.jpg 300w, https:\/\/www.frankrobert.hu\/wp-content\/uploads\/2021\/11\/16-illuziok-2-60x33.jpg 60w, https:\/\/www.frankrobert.hu\/wp-content\/uploads\/2021\/11\/16-illuziok-2.jpg 750w\" sizes=\"100vw\" \/><\/a>\n<h4 class=\"pt-cv-title\"><a href=\"https:\/\/www.frankrobert.hu\/?p=560\" class=\"_self\" target=\"_self\" >Az Ill\u00fazi\u00f3k fogs\u00e1g\u00e1ban<\/a><\/h4>\n<div class=\"pt-cv-content\">Az ill\u00fazi\u00f3knak fontos szerepe van a fejl\u0151d\u00e9sben \u2013 szinte a civiliz\u00e1ci\u00f3 megjelen\u00e9se \u00f3ta k\u00eds\u00e9rnek benn\u00fcnket. Ill\u00fazi\u00f3kkal vagyunk k\u00f6r\u00fclv\u00e9ve, alak\u00edtanak minket \u00e9s mi is alak\u00edtjuk \u0151ket. https:\/\/mipszi.hu\/cikk\/211004-illuziok-fogsagaban?fbclid=IwAR0TsaionQgDOVszerxEAOxjXXVfGQTq2N4Erj1F30cFc6MhHQaWMfQSrhg ...<br \/><div class=\"pt-cv-rmwrap\"><a href=\"https:\/\/www.frankrobert.hu\/?p=560\" class=\"_self pt-cv-readmore btn btn-success\" target=\"_self\">b\u0151vebben<\/a><\/div><\/div><\/div><\/div>\n<div class=\"col-md-12 col-sm-12 col-xs-12 pt-cv-content-item pt-cv-2-col\" ><div class='pt-cv-ifield'><a href=\"https:\/\/www.frankrobert.hu\/?p=466\" class=\"_self pt-cv-href-thumbnail pt-cv-thumb-left\" target=\"_self\" ><img width=\"300\" height=\"169\" src=\"https:\/\/www.frankrobert.hu\/wp-content\/uploads\/2021\/03\/5594F494-7DAF-40E0-9422-3A10958E94AF_4_5005_c-300x169.jpeg\" class=\"pt-cv-thumbnail pull-left\" alt=\"\" loading=\"lazy\" srcset=\"https:\/\/www.frankrobert.hu\/wp-content\/uploads\/2021\/03\/5594F494-7DAF-40E0-9422-3A10958E94AF_4_5005_c-300x169.jpeg 300w, https:\/\/www.frankrobert.hu\/wp-content\/uploads\/2021\/03\/5594F494-7DAF-40E0-9422-3A10958E94AF_4_5005_c-60x34.jpeg 60w, https:\/\/www.frankrobert.hu\/wp-content\/uploads\/2021\/03\/5594F494-7DAF-40E0-9422-3A10958E94AF_4_5005_c.jpeg 600w\" sizes=\"100vw\" \/><\/a>\n<h4 class=\"pt-cv-title\"><a href=\"https:\/\/www.frankrobert.hu\/?p=466\" class=\"_self\" target=\"_self\" >V\u00e9lem\u00e9nyvez\u00e9rek &#8211; Mama Hotel 2021.03.12.<\/a><\/h4>\n<div class=\"pt-cv-content\">Val\u00f3ban neh\u00e9z elhagyni a mamahotelt? Mi\u00e9rt t\u0171nik \u00fagy, hogy a mostani fiatalok sokkal k\u00e9s\u0151bb rep\u00fclnek ki a f\u00e9szekb\u0151l, mint az el\u0151deik? Vend\u00e9geink R\u00e1bak\u00f6zi Andrea ex-topmodell, LOLA\u00a0\u00e9nekes, telev\u00edzi\u00f3s m\u0171sorvezet\u0151 \u00e9s Frank R\u00f3bert pszichol\u00f3gus lesznek! ...<br \/><div class=\"pt-cv-rmwrap\"><a href=\"https:\/\/www.frankrobert.hu\/?p=466\" class=\"_self pt-cv-readmore btn btn-success\" target=\"_self\">b\u0151vebben<\/a><\/div><\/div><\/div><\/div>\n<div class=\"col-md-12 col-sm-12 col-xs-12 pt-cv-content-item pt-cv-2-col\" ><div class='pt-cv-ifield'><a href=\"https:\/\/www.frankrobert.hu\/?p=463\" class=\"_self pt-cv-href-thumbnail pt-cv-thumb-left\" target=\"_self\" ><img width=\"300\" height=\"300\" src=\"https:\/\/www.frankrobert.hu\/wp-content\/uploads\/2021\/03\/F5D908AD-AFCD-4A6B-AA2F-EED1EE002149-300x300.jpeg\" class=\"pt-cv-thumbnail pull-left\" alt=\"\" loading=\"lazy\" srcset=\"https:\/\/www.frankrobert.hu\/wp-content\/uploads\/2021\/03\/F5D908AD-AFCD-4A6B-AA2F-EED1EE002149-300x300.jpeg 300w, https:\/\/www.frankrobert.hu\/wp-content\/uploads\/2021\/03\/F5D908AD-AFCD-4A6B-AA2F-EED1EE002149-150x150.jpeg 150w, https:\/\/www.frankrobert.hu\/wp-content\/uploads\/2021\/03\/F5D908AD-AFCD-4A6B-AA2F-EED1EE002149-60x60.jpeg 60w, https:\/\/www.frankrobert.hu\/wp-content\/uploads\/2021\/03\/F5D908AD-AFCD-4A6B-AA2F-EED1EE002149-100x100.jpeg 100w, https:\/\/www.frankrobert.hu\/wp-content\/uploads\/2021\/03\/F5D908AD-AFCD-4A6B-AA2F-EED1EE002149.jpeg 500w\" sizes=\"100vw\" \/><\/a>\n<h4 class=\"pt-cv-title\"><a href=\"https:\/\/www.frankrobert.hu\/?p=463\" class=\"_self\" target=\"_self\" >T\u00f6bb l\u00e1bon \u00e1llni &#8211; V\u00e9lem\u00e9nyvez\u00e9rek 2021. 01. 29.<\/a><\/h4>\n<div class=\"pt-cv-content\">Hogyan \u00e1llhatunk t\u00f6bb l\u00e1bon? Milyen tulajdons\u00e1gok kellenek ahhoz, hogy ezt meg tudjuk val\u00f3s\u00edtani? A j\u00e1rv\u00e1ny miatt rengetegen maradtak munka n\u00e9lk\u00fcl, tal\u00e1n \u00edgy viszont k\u00f6nnyebben \u00e1tv\u00e9szelhet\u0151 jelenlegi helyzet. A t\u00e9m\u00e1ban seg\u00edts\u00e9g\u00fcnkre lesznek Szem\u00e1n Zolt\u00e1n karrier coach, Frank R\u00f3bert\u00a0pszichol\u00f3gus \u00e9s Klausmann Viktor \u00fajs\u00e1g\u00edr\u00f3, ...<br \/><div class=\"pt-cv-rmwrap\"><a href=\"https:\/\/www.frankrobert.hu\/?p=463\" class=\"_self pt-cv-readmore btn btn-success\" target=\"_self\">b\u0151vebben<\/a><\/div><\/div><\/div><\/div>\n<div class=\"col-md-12 col-sm-12 col-xs-12 pt-cv-content-item pt-cv-2-col\" ><div class='pt-cv-ifield'><a href=\"https:\/\/www.frankrobert.hu\/?p=483\" class=\"_self pt-cv-href-thumbnail pt-cv-thumb-left\" target=\"_self\" ><img width=\"110\" height=\"50\" src=\"https:\/\/www.frankrobert.hu\/wp-content\/uploads\/2021\/04\/F0677A0F-F498-4AE8-883E-5CEBF242FD26.png\" class=\"pt-cv-thumbnail pull-left\" alt=\"\" loading=\"lazy\" srcset=\"https:\/\/www.frankrobert.hu\/wp-content\/uploads\/2021\/04\/F0677A0F-F498-4AE8-883E-5CEBF242FD26.png 110w, https:\/\/www.frankrobert.hu\/wp-content\/uploads\/2021\/04\/F0677A0F-F498-4AE8-883E-5CEBF242FD26-60x27.png 60w\" sizes=\"100vw\" \/><\/a>\n<h4 class=\"pt-cv-title\"><a href=\"https:\/\/www.frankrobert.hu\/?p=483\" class=\"_self\" target=\"_self\" >A gyermeked ugyan\u00fagy megviseli a bez\u00e1rts\u00e1g,mint t\u00e9ged.<\/a><\/h4>\n<div class=\"pt-cv-content\"> ...<br \/><div class=\"pt-cv-rmwrap\"><a href=\"https:\/\/www.frankrobert.hu\/?p=483\" class=\"_self pt-cv-readmore btn btn-success\" target=\"_self\">b\u0151vebben<\/a><\/div><\/div><\/div><\/div>\n<div class=\"col-md-12 col-sm-12 col-xs-12 pt-cv-content-item pt-cv-2-col\" ><div class='pt-cv-ifield'><a href=\"https:\/\/www.frankrobert.hu\/?p=486\" class=\"_self pt-cv-href-thumbnail pt-cv-thumb-left\" target=\"_self\" ><img width=\"110\" height=\"50\" src=\"https:\/\/www.frankrobert.hu\/wp-content\/uploads\/2021\/04\/F0677A0F-F498-4AE8-883E-5CEBF242FD26.png\" class=\"pt-cv-thumbnail pull-left\" alt=\"\" loading=\"lazy\" srcset=\"https:\/\/www.frankrobert.hu\/wp-content\/uploads\/2021\/04\/F0677A0F-F498-4AE8-883E-5CEBF242FD26.png 110w, https:\/\/www.frankrobert.hu\/wp-content\/uploads\/2021\/04\/F0677A0F-F498-4AE8-883E-5CEBF242FD26-60x27.png 60w\" sizes=\"100vw\" \/><\/a>\n<h4 class=\"pt-cv-title\"><a href=\"https:\/\/www.frankrobert.hu\/?p=486\" class=\"_self\" target=\"_self\" >\u00cdgy lehet a kar\u00e1csonynak is id\u00e9n pozit\u00edv hangv\u00e9tele.<\/a><\/h4>\n<div class=\"pt-cv-content\"> ...<br \/><div class=\"pt-cv-rmwrap\"><a href=\"https:\/\/www.frankrobert.hu\/?p=486\" class=\"_self pt-cv-readmore btn btn-success\" target=\"_self\">b\u0151vebben<\/a><\/div><\/div><\/div><\/div>\n<div class=\"col-md-12 col-sm-12 col-xs-12 pt-cv-content-item pt-cv-2-col\" ><div class='pt-cv-ifield'><a href=\"https:\/\/www.frankrobert.hu\/?p=480\" class=\"_self pt-cv-href-thumbnail pt-cv-thumb-left\" target=\"_self\" ><img width=\"300\" height=\"200\" src=\"https:\/\/www.frankrobert.hu\/wp-content\/uploads\/2021\/04\/7602B425-225D-432B-9C4D-C4052377BB42-300x200.png\" class=\"pt-cv-thumbnail pull-left\" alt=\"\" loading=\"lazy\" srcset=\"https:\/\/www.frankrobert.hu\/wp-content\/uploads\/2021\/04\/7602B425-225D-432B-9C4D-C4052377BB42-300x200.png 300w, https:\/\/www.frankrobert.hu\/wp-content\/uploads\/2021\/04\/7602B425-225D-432B-9C4D-C4052377BB42-768x512.png 768w, https:\/\/www.frankrobert.hu\/wp-content\/uploads\/2021\/04\/7602B425-225D-432B-9C4D-C4052377BB42-1024x683.png 1024w, https:\/\/www.frankrobert.hu\/wp-content\/uploads\/2021\/04\/7602B425-225D-432B-9C4D-C4052377BB42-60x40.png 60w, https:\/\/www.frankrobert.hu\/wp-content\/uploads\/2021\/04\/7602B425-225D-432B-9C4D-C4052377BB42.png 1980w\" sizes=\"100vw\" \/><\/a>\n<h4 class=\"pt-cv-title\"><a href=\"https:\/\/www.frankrobert.hu\/?p=480\" class=\"_self\" target=\"_self\" >\u201eElj\u00f6het az \u00e1talakul\u00e1s id\u0151szaka, a poszttraum\u00e1s n\u00f6veked\u00e9s err\u0151l sz\u00f3l\u201d \u2013 a pszichol\u00f3gust k\u00e9rdezt\u00fck a kr\u00edzisr\u0151l<\/a><\/h4>\n<div class=\"pt-cv-content\"> ...<br \/><div class=\"pt-cv-rmwrap\"><a href=\"https:\/\/www.frankrobert.hu\/?p=480\" class=\"_self pt-cv-readmore btn btn-success\" target=\"_self\">b\u0151vebben<\/a><\/div><\/div><\/div><\/div>\n<div class=\"col-md-12 col-sm-12 col-xs-12 pt-cv-content-item pt-cv-2-col\" ><div class='pt-cv-ifield'><a href=\"https:\/\/www.frankrobert.hu\/?p=328\" class=\"_self pt-cv-href-thumbnail pt-cv-thumb-left\" target=\"_self\" ><img width=\"300\" height=\"122\" src=\"https:\/\/www.frankrobert.hu\/wp-content\/uploads\/2017\/12\/DEC88EC9-D08C-4E8A-BAA4-55BE6B59B94F-300x122.jpeg\" class=\"pt-cv-thumbnail pull-left\" alt=\"\" loading=\"lazy\" srcset=\"https:\/\/www.frankrobert.hu\/wp-content\/uploads\/2017\/12\/DEC88EC9-D08C-4E8A-BAA4-55BE6B59B94F-300x122.jpeg 300w, https:\/\/www.frankrobert.hu\/wp-content\/uploads\/2017\/12\/DEC88EC9-D08C-4E8A-BAA4-55BE6B59B94F-768x313.jpeg 768w, https:\/\/www.frankrobert.hu\/wp-content\/uploads\/2017\/12\/DEC88EC9-D08C-4E8A-BAA4-55BE6B59B94F-1024x418.jpeg 1024w, https:\/\/www.frankrobert.hu\/wp-content\/uploads\/2017\/12\/DEC88EC9-D08C-4E8A-BAA4-55BE6B59B94F-60x24.jpeg 60w, https:\/\/www.frankrobert.hu\/wp-content\/uploads\/2017\/12\/DEC88EC9-D08C-4E8A-BAA4-55BE6B59B94F.jpeg 1470w\" sizes=\"100vw\" \/><\/a>\n<h4 class=\"pt-cv-title\"><a href=\"https:\/\/www.frankrobert.hu\/?p=328\" class=\"_self\" target=\"_self\" >Hogyan \u00e9lj\u00fck t\u00fal az \u00fcnnepet?<\/a><\/h4>\n<div class=\"pt-cv-content\">Hogyan \u00e9lj\u00fck t\u00fal az \u00fcnnepet? ...<br \/><div class=\"pt-cv-rmwrap\"><a href=\"https:\/\/www.frankrobert.hu\/?p=328\" class=\"_self pt-cv-readmore btn btn-success\" target=\"_self\">b\u0151vebben<\/a><\/div><\/div><\/div><\/div><\/div><\/div><\/div>\n","protected":false},"excerpt":{"rendered":"","protected":false},"author":1,"featured_media":462,"parent":0,"menu_order":0,"comment_status":"closed","ping_status":"closed","template":"","meta":[],"_links":{"self":[{"href":"https:\/\/www.frankrobert.hu\/index.php?rest_route=\/wp\/v2\/pages\/256"}],"collection":[{"href":"https:\/\/www.frankrobert.hu\/index.php?rest_route=\/wp\/v2\/pages"}],"about":[{"href":"https:\/\/www.frankrobert.hu\/index.php?rest_route=\/wp\/v2\/types\/page"}],"author":[{"embeddable":true,"href":"https:\/\/www.frankrobert.hu\/index.php?rest_route=\/wp\/v2\/users\/1"}],"replies":[{"embeddable":true,"href":"https:\/\/www.frankrobert.hu\/index.php?rest_route=%2Fwp%2Fv2%2Fcomments&post=256"}],"version-history":[{"count":2,"href":"https:\/\/www.frankrobert.hu\/index.php?rest_route=\/wp\/v2\/pages\/256\/revisions"}],"predecessor-version":[{"id":260,"href":"https:\/\/www.frankrobert.hu\/index.php?rest_route=\/wp\/v2\/pages\/256\/revisions\/260"}],"wp:featuredmedia":[{"embeddable":true,"href":"https:\/\/www.frankrobert.hu\/index.php?rest_route=\/wp\/v2\/media\/462"}],"wp:attachment":[{"href":"https:\/\/www.frankrobert.hu\/index.php?rest_route=%2Fwp%2Fv2%2Fmedia&parent=256"}],"curies":[{"name":"wp","href":"https:\/\/api.w.org\/{rel}","templated":true}]}}